(-2))/(-8) - -2) is divided by 180.
14
Suppose -84*o = -o - 19339. What is the remainder when o is divided by 76?
5
Suppose 2*n = 2*x, -3*x = 4*n - 24 - 11. What is the remainder when 51 is divided by (-30)/x - (-15 - 0)?
6
Suppose 2*d = -4*o + 834, -o + 4*o = 4*d - 1624. Suppose -14*j + 585 + d = 0. What is the remainder when j is divided by 15?
11
Let p(q) = q**2 - 100*q + 1046. Calculate the remainder when 140 is divided by p(11).
6
Let m(n) = -29*n + 321. Let l(a) = 2. Let i(w) = -2*l(w) - m(w). What is the remainder when i(13) is divided by 17?
1
Calculate the remainder when 879 is divided by 204/(72/6)*(5 - 3).
29
Suppose 6*c - x = 2*c + 172, -160 = -4*c + 4*x. Suppose 0 = 5*k + 6*k + c. Calculate the remainder when (-15 + -4)*(1 + k) is divided by 30.
27
Let i(a) = 2*a**2 - 11*a + 16. Let j(z) = 10*z + 472. Let w be j(-47). What is the remainder when i(w) is divided by 1?
0
Suppose v + 2*q - 31 = -10, -3*v - 5*q = -60. Let t(i) = -i**2 + 15*i + 93. What is the remainder when t(v) is divided by 7?
2
Suppose 0 = u - 3, -n + 3*u - 7 = -1. Calculate the remainder when 280 is divided by n.
1
Let c be -2*6/(-3)*-40. Let f = c + 213. What is the remainder when f is divided by 18?
17
Let x = -8482 - -8504. What is the remainder when 1884 is divided by x?
14
Suppose -35*p + 71*p - 34*p - 2 = 0. Suppose -r + 14 = 10. Calculate the remainder when r is divided by p.
0
Suppose -i = -2*a + 2, -2*a + 23 = 4*i + 1. Suppose i*b = -5*m + 21, 2*b - 2*m - 13 = 11. Suppose 5*h - 21 = 54. Calculate the remainder when h is divided by b.
6
Let o(b) = 554*b - 2746. Calculate the remainder when 2471 is divided by o(5).
23
Let w = 206 + -160. Let h be 52/14 - (10/(-35))/1. Suppose -4 = h*f - 6*f + 5*o, 0 = 5*f - 4*o - 27. Calculate the remainder when w is divided by f.
4
Suppose 4*m + 32 = -64. What is the remainder when 219 is divided by m/120 - 562/(-10)?
51
Suppose -3*v + 0*v = -192. What is the remainder when (-188)/(-329) - (-50)/(-14) - 2 - -196 is divided by v?
63
Let u be 9/3*(0 + 1). Suppose 2*k + u = -0*o - o, -o + 27 = -4*k. What is the remainder when 66 is divided by o?
3
Suppose -5*c + 5*v + 210 = 0, 37*c - 3*v + 62 = 38*c. Let z = 910 - 582. What is the remainder when z is divided by c?
46
Let m(n) = -n**2 + 9*n + 8. Let g be m(8). Suppose -5*v = -v - g. Suppose v*k = -3*s + 83, -2*s + 0 = k - 27. What is the remainder when 32 is divided by k?
15
Let j = 34 + 1268. Suppose j = 23*r + 543. What is the remainder when 63 is divided by r?
30
Let z(x) = 6*x**3 - 11*x**2 + 182. Calculate the remainder when z(6) is divided by 11.
4
Let g(n) = -2*n + 3. What is the remainder when (-854)/3416 + (1738/8)/1 is divided by g(-5)?
9
Let f = 15142 - 15026. Calculate the remainder when 564 is divided by f.
100
Let m = 1380 - 1366. What is the remainder when 42 is divided by m?
0
Let y = 2086 + -1487. Calculate the remainder when 2999 is divided by y.
4
Let r(k) = 43*k**3 + 3*k**2 + 4*k - 6. Let q be r(1). Let j be (14/(-21))/(2/111). Let x = q + j. Calculate the remainder when 34 is divided by x.
6
Let b(o) = -81*o + 1604. Calculate the remainder when 706 is divided by b(19).
56
Suppose 4*d + 78*j - 74*j = 2468, -5*d + 3*j = -3093. Calculate the remainder when d is divided by 20.
18
Let g(z) be the second derivative of 7*z**4/12 + 4*z**3/3 - 5*z**2/2 + 2*z - 36. What is the remainder when g(-5) is divided by 34?
28
Suppose 0 = -10*z - 15045 + 23590 + 20055. What is the remainder when z is divided by 54?
52
Suppose 34*n - 37*n = 2*r - 598, -16 = 4*r. What is the remainder when n is divided by 26?
20
Let a = -570 - -571. What is the remainder when 29 is divided by a + -8 + 2 + 32/1?
2
Suppose -17 = 3*n + 1. Let v(h) = -h**3 - 5*h**2. What is the remainder when v(n) is divided by 7 + 15 - 24 - -13?
3
Let c(b) = b**3 - 13*b**2 + 43 - 41 - 15*b**2 + 5*b + b**3. What is the remainder when c(15) is divided by 16?
15
Suppose -3*v - 17 = -77. Let p(m) = -m**2. Let n(k) = 4*k**2 + 5*k + 77. Let h(o) = n(o) + 5*p(o). Calculate the remainder when v is divided by h(11).
9
Suppose 36*q - 103288 - 118148 = 0. What is the remainder when q is divided by 181?
178
Let m = 22676 - 20998. What is the remainder when m is divided by 51?
46
Suppose -5*i = -5*d - 220, -3*d = -2*i + 33 + 60. Suppose -4*t + 2*t = -30. What is the remainder when i is divided by t?
9
Let v(y) = -y + 4 + 4 - 10. Let t be v(5). Let w = t - -21. What is the remainder when 54 is divided by w?
12
Let s = 131 - 94. Let z = s + -17. Suppose 2*l - 2*p = 240, -16*l + 570 = -11*l + 5*p. What is the remainder when l is divided by z?
17
Let a = 50 - 42. Suppose -137 = -a*m - 1. Calculate the remainder when m is divided by 12.
5
Suppose 0 = 4*u - 2*w - 6, 2*u - u - 3*w = 9. Suppose 170 - 3572 = -126*z. Calculate the remainder when z is divided by 16 + 2/(-1) + u.
13
Let u(f) = -49*f + 1440. Calculate the remainder when 153 is divided by u(27).
36
Let p(w) = w**3 + 13*w**2 + 19*w - 14. Let a be p(-11). Suppose a*i - 366 - 71 = 0. Suppose 0 = 3*m - 9 - 36. What is the remainder when i is divided by m?
8
Let z = 7042 + -5707. Calculate the remainder when z is divided by 103.
99
Let a = 32 - 39. Let s = 10 + a. Suppose 2*g = -2*h + 4 + 22, s*h - 5*g = 7. Calculate the remainder when 42 is divided by h.
6
Let m(t) = 14*t - 117. Suppose 0*w + 26 = 2*w. What is the remainder when m(10) is divided by w?
10
Suppose 73 = 2*o - x, 5*x - 59 + 259 = 5*o. What is the remainder when 5718 is divided by o?
9
Calculate the remainder when (-94728)/(-12) + -8 + -15 is divided by 123.
122
Let r(t) = -2*t - 1. Let u(k) = -6*k + 215. Let x be u(35). Suppose -x*j - 6*j = -22. What is the remainder when r(-4) is divided by j?
1
Suppose 0 = 3*n - h - 54, 2*n + 11233*h = 11231*h + 12. Let g = 6 + 0. Calculate the remainder when n is divided by g.
3
Let r(q) = -q**3 + 10*q**2 - 9*q - 10. Let x(a) = a**2 + 5*a - 131. Calculate the remainder when r(7) is divided by x(-15).
17
Suppose 0 = 4*y + 5*c + 21, y = 2*c + c + 16. Let f be (-960)/(-12) + (1 - y). Let i = 112 - f. Calculate the remainder when 94 is divided by i.
30
Let p(n) = 11*n - 52. Let y be p(5). Suppose -4*r + 982 = 2*s, -y*s = -r + 172 + 84. What is the remainder when r is divided by 28?
23
Let g(k) = -2*k**3 - k**2 - 2*k + 325. Let i be g(0). Let j = 358 - i. Calculate the remainder when j is divided by 15.
3
Let a = -4148 + 4198. Calculate the remainder when 441 is divided by a.
41
Let h = 10405 + -10121. What is the remainder when h is divided by 12?
8
Suppose -2*w + 10*w = 1992. Suppose 238 = 3*s + c, -2*c - 10 = 3*s - w. Calculate the remainder when s is divided by 27.
25
Suppose 103*q - 100*q - 357 = 0. Let k = q - 104. Suppose 0 = k*y - 120 - 75. What is the remainder when 101 is divided by y?
10
Suppose -5*d + 4*g = 12, d + 2*g = 2*d. Let f be (-6)/(-7)*(d + (22 - 4)). Suppose -f = -3*p - 6. What is the remainder when 11 is divided by p?
1
Suppose -4*l + 5 = -7. Suppose -l*m = m + 272. Let k = -22 - m. What is the remainder when k is divided by 7?
4
Suppose -1223 - 790 = 21*j - 82*j. Calculate the remainder when 1012 is divided by j.
22
Suppose -24*y + 4*j + 215 = -689, 70 = 2*y + j. What is the remainder when 1510 is divided by y?
30
Let h = -22327 + 22412. What is the remainder when 10707 is divided by h?
82
Let d = 685 - 679. What is the remainder when 50 is divided by d?
2
Suppose 3*o - 4*w = 152, -w + 261 = 10*o - 5*o. What is the remainder when 250 is divided by o?
42
Let t = 458432 + -458363. Suppose 2*g + 2 = 2*p - 0, -3*p - 5*g + 35 = 0. Suppose -48 = -p*q + 47. Calculate the remainder when t is divided by q.
12
Let w(u) = u**3 - 21*u**2 - 220*u - 34. What is the remainder when w(30) is divided by 41?
31
Suppose 0 = 21*o - 19*o - 50. Suppose -o + 11 = -2*l. What is the remainder when 96 is divided by l?
5
Let w = -2788 - -4768. Suppose 117*r - 135*r + w = 0. What is the remainder when r is divided by 3?
2
Let h = -175 + -36. Let i = -186 - h. What is the remainder when 97 is divided by i?
22
Let d = 663 + -443. Let n = 301 - d. Calculate the remainder when n is divided by 14.
11
Let u = 68 + -43. Suppose -c + 6 = 5*h, -c + 5*h + u = -11. Suppose 4*o + 2*g = -g + c, -4*o + 31 = g. Calculate the remainder when 21 is divided by o.
3
Suppose 7*s = 130 - 74. Let j(t) = -t*